n base 12?
34a8
-1b09 (base 12) to base 15
-eb6
What is 1bf0 (base 16) in base 8?
15760
-21032 (base 8) to base 14
-3278
Convert -6816 (base 10) to base 9.
-10313
What is 236b (base 13) in base 7?
20356
342424 (base 5) to base 13
5756
What is 310313 (base 4) in base 3?
11122022
What is 18d (base 14) in base 2?
101000001
Convert -14031 (base 5) to base 3.
-1120021
Convert -1011101 (base 2) to base 4.
-1131
What is 102203100 (base 4) in base 16?
128d0
What is -31612 (base 10) in base 13?
-11509
Convert -1050 (base 6) to base 16.
-f6
Convert -6672 (base 9) to base 12.
-2a25
Convert 3359 (base 12) to base 14.
2101
What is 253 (base 6) in base 14?
77
Convert 879 (base 10) to base 6.
4023
-1200202002 (base 3) to base 15
-9d32
Convert -232 (base 11) to base 6.
-1141
-127 (base 9) to base 14
-78
7551 (base 12) to base 6
135341
Convert -140446 (base 9) to base 13.
-2ccb2
What is -21746 (base 8) in base 7?
-35536
Convert -9a (base 16) to base 2.
-10011010
-1100110001 (base 2) to base 8
-1461
-10240 (base 5) to base 15
-315
-1716 (base 12) to base 3
-10210000
-4b55 (base 12) to base 5
-233221
What is 3332 (base 9) in base 12?
150b
What is 17062 (base 11) in base 7?
130022
What is -41555 (base 6) in base 7?
-22241
What is 14443 (base 7) in base 8?
7640
Convert 986 (base 16) to base 15.
ac8
What is -14141 (base 8) in base 3?
-22120011
Convert 2089 (base 11) to base 2.
101011000111
Convert 112434 (base 5) to base 3.
12122120
What is -12340 (base 8) in base 2?
-1010011100000
What is 2303 (base 10) in base 13?
1082
What is 7711 (base 16) in base 7?
154603
10011011100 (base 2) to base 4
103130
11020110 (base 3) to base 14
11aa
Convert -195 (base 14) to base 8.
-507
What is -35c (base 15) in base 14?
-3c6
What is 13661 (base 11) in base 16?
4be3
b0 (base 16) to base 3
20112
Convert -20122220 (base 3) to base 13.
-2298
-1323 (base 9) to base 2
-1111100001
Convert 425 (base 11) to base 12.
367
Convert 5511 (base 9) to base 12.
2424
Convert 1a99 (base 15) to base 3.
21220200
What is 5157 (base 8) in base 10?
2671
-89 (base 16) to base 10
-137
Convert 3356 (base 9) to base 3.
10101220
Convert -103213 (base 4) to base 9.
-1644
Convert -256352 (base 7) to base 4.
-23223311
-10000011111010 (base 2) to base 3
-102120200
-260 (base 9) to base 2
-11011000
Convert 230203 (base 5) to base 15.
2653
121002211 (base 3) to base 7
46141
151 (base 8) to base 15
70
Convert 10111110 (base 2) to base 16.
be
-20310 (base 5) to base 12
-92a
Convert -50916 (base 10) to base 8.
-143344
Convert 3a4e (base 16) to base 10.
14926
What is -328 (base 16) in base 14?
-41a
-135202 (base 6) to base 7
-52241
-55130 (base 6) to base 4
-1312332
4260 (base 9) to base 5
100012
What is 14c (base 13) in base 8?
351
4314023 (base 5) to base 12
36305
41675 (base 8) to base 16
43bd
Convert -3aa4 (base 12) to base 14.
-2660
Convert 24180 (base 13) to base 15.
14923
What is -12c (base 13) in base 14?
-10b
4313 (base 5) to base 7
1462
What is -21012212 (base 3) in base 13?
-2519
Convert 888 (base 10) to base 2.
1101111000
Convert -41345 (base 6) to base 15.
-1992
What is 709c (base 13) in base 6?
155444
What is -302 (base 9) in base 16?
-f5
What is 287 (base 14) in base 11?
425
-1748 (base 15) to base 12
-2aa2
What is -1103123 (base 4) in base 9?
-7282
What is -1505 (base 10) in base 9?
-2052
-404 (base 8) to base 10
-260
Convert 1411 (base 8) to base 13.
47a
334 (base 9) to base 2
100010010
-139a (base 15) to base 4
-1001203
1083 (base 11) to base 16
58e
What is c18 (base 16) in base 12?
1960
Convert 16534 (base 8) to base 5.
220031
129 (base 13) to base 14
108
Convert -1321030 (base 4) to base 15.
-2471
Convert 2857 (base 10) to base 12.
17a1
-7725 (base 8) to base 6
-30433
Convert -ac77 (base 16) to base 6.
-540223
What is 101a (base 16) in base 15?
134c
-9cb (base 16) to base 12
-154b
Convert 7228 (base 14) to base 9.
28837
Convert -1132 (base 8) to base 4.
-21122
Convert -20142 (base 6) to base 7.
-10511
What is 6b0a (base 12) in base 15?
3827
What is 36637 (base 8) in base 11?
10941
What is -51b (base 12) in base 9?
-1015
What is -327 (base 14) in base 10?
-623
11201022 (base 3) to base 16
d6d
-10011111 (base 2) to base 11
-135
2754 (base 13) to base 12
3326
What is -1100143 (base 5) in base 6?
-223010
Convert -23 (base 5) to base 2.
-1101
Convert bb1 (base 12) to base 16.
6b5
-4111 (base 8) to base 10
-2121
-3988 (base 13) to base 4
-2000200
What is 1432 (base 6) in base 5?
3010
Convert 56110 (base 7) to base 8.
33447
What is -13a9 (base 14) in base 6?
-24041
-30140 (base 6) to base 12
-2350
34361 (base 9) to base 8
54561
Convert 852 (base 13) to base 9.
1846
6301 (base 16) to base 15
779a
What is -101 (base 3) in base 10?
-10
What is -77c (base 14) in base 10?
-1482
-1c034 (base 13) to base 16
-d6b8
-3444 (base 5) to base 10
-499
What is 1633 (base 8) in base 4?
32123
108e (base 16) to base 2
1000010001110
What is -240 (base 10) in base 2?
-11110000
Convert -2ae0 (base 15) to base 10.
-9210
What is -20120210 (base 3) in base 10?
-4800
What is 13021 (base 4) in base 2?
111001001
Convert 2100433 (base 5) to base 8.
103275
What is 1022322 (base 4) in base 6?
34110
8924 (base 10) to base 15
299e
Convert 484 (base 12) to base 8.
1244
Convert -204106 (base 7) to base 15.
-a5b1
Convert 50015 (base 7) to base 11.
9035
What is -5718 (base 16) in base 2?
-101011100011000
31541 (base 6) to base 4
1003111
Convert -1546 (base 7) to base 16.
-26e
-326 (base 12) to base 5
-3322
-4cb (base 13) to base 2
-1101001011
7528 (base 10) to base 7
30643
Convert 45310 (base 7) to base 3.
120201221
4852 (base 10) to base 12
2984
What is 3703 (base 8) in base 5?
30422
Convert -9c8 (base 13) to base 10.
-1685
Convert -82f7 (base 16) to base 14.
-c30b
Convert -1955a (base 11) to base 6.
-330202
-2d22 (base 15) to base 9
-14275
Convert 17513 (base 8) to base 5.
224021
Convert -2660 (base 13) to base 12.
-3212
Convert -5b5 (base 13) to base 15.
-463
50b4 (base 12) to base 8
21110
b6 (base 12) to base 10
138
What is 42445 (base 12) in base 9?
142338
Convert 24343 (base 6) to base 2.
111000000111
Convert -28d (base 16) to base 2.
-1010001101
Convert 304 (base 9) to base 3.
100011
Convert 4136 (base 7) to base 6.
10412
-32344 (base 5) to base 2
-100010110000
What is 3373 (base 15) in base 10?
10908
What is -30071 (base 9) in base 15?
-5cb7
What is -3442 (base 6) in base 12?
-582
Convert 20112120 (base 4) to base 8.
102630
Convert -1213402 (base 5) to base 12.
-11369
221121011 (base 3) to base 8
44345
What is b7 (base 15) in base 9?
211
Convert 30a0 (base 11) to base 5.
112403
What is 8a1 (base 16) in base 5?
32314
Convert 114533 (base 6) to base 14.
39a1
Convert 5566 (base 9) to base 16.
100e
3003101 (base 4) to base 16
30d1
What is 22344 (base 5) in base 16?
63f
-1011110100 (base 2) to base 11
-628
-12211332 (base 4) to base 13
-c3a5
What is -207 (base 8) in base 13?
-a5
-200110001 (base 3) to base 9
-20401
-110110000000 (base 2) to base 7
-13035
Convert -687 (base 14) to base 11.
-a78
What is 514 (base 9) in base 8?
642
-506 (base 8) to base 15
-16b
What is -25839 (base 13) in base 12?
-34283
10603 (base 7) to base 4
222022
Convert 101110010101000 (base 2) to base 12.
11888
Convert -172 (base 16) to base 14.
-1c6
Convert -1654 (base 13) to base 5.
-101110
-2264 (base 7) to base 9
-1122
-1169 (base 12) to base 14
-9d7
What is -110100001101000 (base 2) in base 15?
-7dbd
Convert 111110101 (base 2) to base 11.
416
-116131 (base 9) to base 6
-1300301
Convert -1ba6 (base 15) to base 7.
-23340
What is 1e1 (base 16) in base 5?
3411
Convert -20325 (base 7) to base 16.
-1368
10011100001 (base 2) to base 3
1201021
What is 1101011111 (base 2) in base 13?
515
What is -355664 (base 7) in base 13?
-23471
5475 (base 9) to base 15
12e2
-3066 (base 8) to base 9
-2156
What is -25366 (base 7) in base 3?
-100012121
Convert 45888 (base 9) to base 12.
15875
What is 100201 (base 4) in base 16?
421
64357 (base 11) to base 13
337a8
-2571 (base 10) to base 5
-40241
What is -220221210 (base 3) in base 10?
-18192
What is -24b (base 12) in base 7?
-1004
What is 5b6 (base 12) in base 5?
11413
1463 (base 7) to base 14
2da
99 (base 12) to base 5
432
What is 111000111101100 (base 2) in base 15?
8994
Convert 4323 (base 5) to base 8.
1114
b32 (base 15) to base 